- 44 = 0. Let c(n) = y*i(n) + 6*p(n). Determine c(0).
-10
Let t(r) = 7*r**2 + 2*r + 1. Let o(b) = -5*b**2 - 3*b - 1. Let x(v) = -4*o(v) - 3*t(v). What is x(3)?
10
Let u(d) be the second derivative of -d**4/12 - 7*d**3/6 - 120*d. Suppose -3*x = 3*t + 12, 3*x + 0*t + 20 = 5*t. Determine u(x).
10
Let o(g) be the second derivative of 5/6*g**3 + 0 - 3/2*g**2 - g. Suppose -43*q = -x - 38*q + 17, 0 = 5*x - q - 13. Give o(x).
7
Let v(n) = n**2 - 7*n + 12. Let x(r) = -r**2 + 5*r - 13. Let a(d) = -3*v(d) - 2*x(d). Determine a(8).
14
Let t(y) = -y**3 + 4*y**2 + 6*y - 7. Let m = -21 - -51. Suppose 0 = 9*r - 3*r - m. Give t(r).
-2
Let h(s) = -108*s**3 - 13*s**2 + 57*s**3 + 49*s**3 + 7 - 4*s. Calculate h(-6).
-5
Let b(x) = 25*x - 5*x**3 + 33*x**2 - 1 + 1 + 0*x**3 - 5. Let f(c) = c**3 - 8*c**2 - 6*c + 1. Let d(r) = -2*b(r) - 9*f(r). Suppose -2*n + 6*n = -20. Give d(n).
6
Let r(x) = 2*x**3 + 15*x**2 + 13*x - 5. Let q(a) = -a**3 - 8*a**2 - 7*a + 2. Let j(h) = -5*q(h) - 2*r(h). Determine j(-9).
0
Suppose -82*y + 97*y = 45. Let b(c) be the second derivative of 3/2*c**2 + 0 + 1/3*c**y + 5*c. What is b(-4)?
-5
Let m = -9 + 11. Suppose -m*i + 3 = i. Let h(s) = 4*s + 1. Calculate h(i).
5
Let v(b) = -6*b**2 + 21*b - 20. Let z(h) = -7*h**2 + 23*h - 22. Let y(q) = -9*v(q) + 8*z(q). Give y(3).
-29
Suppose 5*g - 62 = o, 2*o = -2*g - 0*g - 112. Let z = -54 - o. Let y(c) = -4*c + 3 - 1 + 0*c. Give y(z).
-10
Suppose -7 = -3*y - 4. Let b(z) = -z**3 + z**2. Let t(d) = 3*d**2 - d + 1. Let w(n) = y*b(n) - t(n). Let j be w(-2). Let f(q) = 4*q - 3. Give f(j).
-15
Let g(y) be the first derivative of -y**3/3 - 5*y**2/2 - 4*y - 111. Determine g(-4).
0
Let i(b) be the third derivative of 1/6*b**4 - 1/3*b**3 + 0*b + 0 + 2*b**2. Calculate i(5).
18
Suppose -v - 4 + 2 = 0. Let d(t) be the third derivative of 0 - 53*t**2 + 1/12*t**4 + 1/40*t**6 + 0*t**3 + 0*t + 1/15*t**5. Determine d(v).
-12
Let z(m) = m**3 - 3*m**2 - 13*m + 6. Let q(j) = -j**3 - 16*j**2 - 14*j + 20. Let x be q(-15). Give z(x).
-9
Let l be -7 + (-1)/(-1) + 0. Let a(j) = -4*j + 0*j**2 - 3*j - j**2. Calculate a(l).
6
Let y(s) = -117*s + 229*s - 3*s**2 - 115*s. Determine y(-3).
-18
Suppose 44*l + 15*l = 37 - 214. Let t(h) = -3*h + 4*h + 5 + 0*h. Give t(l).
2
Let b(h) = 64 + 60 + 62 - 188 + 4*h. Determine b(10).
38
Suppose 0 = -2*c + 5*a - 57, 10 = -c + a - 14. Let w = -19 - c. Let r(l) = l - 2*l - 2*l + 4*l - w. Calculate r(0).
-2
Let i be -4 + 2 - (-4 + 0). Let n(w) = -3*w**2 - 11*w - 3. Let g = 41 - 46. Let d(f) = f**2 + 5*f + 1. Let p(x) = g*d(x) - 2*n(x). What is p(i)?
-1
Let k(q) be the first derivative of q**3/3 - 2*q**2 - 2*q + 89. Give k(5).
3
Let y(s) be the second derivative of -s**8/6720 - s**7/630 + s**6/720 - s**5/40 + 3*s**4/4 - 6*s. Let i(v) be the third derivative of y(v). Give i(-4).
-7
Let a(b) = b - 7. Let x(s) = -s**3 + 19*s**2 - 16*s - 44. Suppose -5*t + q + 34 = -51, 0 = 3*t + 5*q - 79. Let c be x(t). Give a(c).
-15
Let j = -46 + 50. Let y be -3 + (j - (0 + -5)). Let o(t) = -t**3 + 7*t**2 - 8*t + 7. What is o(y)?
-5
Let n(d) = -d**3 - d**2 + d - 1. Let v(j) = -2*j**3 - 22*j**2 + 19*j + 32. Let h(z) = -3*n(z) + v(z). Determine h(18).
-1
Let w(h) = -26*h + 11. Let q be w(1). Let c(y) = -y**3 - 14*y**2 + 18*y + 19. Calculate c(q).
-26
Let x(v) = -v**2 + 23*v + 7. Let l be x(21). Let f(k) = 7*k - l*k**2 - 7 + 93*k**2 - 45*k**2. Calculate f(6).
-1
Suppose 13*v + 10 = 8*v. Let b(i) = -6*i**2 - 34*i + 45. Let c(u) = -u**2 - 7*u + 9. Let n(o) = v*b(o) + 11*c(o). Determine n(6).
-9
Suppose -k - x + 12 = -2*x, k - 16 = -3*x. Let a(g) = -5 + k*g**2 - g**3 - 7*g**2 - 2*g**2 + 6*g. What is a(5)?
0
Suppose g - 4*f - 25 = -3*f, 0 = -3*g + f + 85. Suppose 4*v - b - 15 = 0, 6*v = 3*v - 3*b + g. Let a(w) = -w + w - v + 0*w + w. What is a(6)?
1
Let h(x) = -6*x**2 + 9 + x**3 - 1 - 1 - x. Let z be -8*(0 + (-9)/24). Suppose -z*v + 2*v = -6. What is h(v)?
1
Let o(k) = k**2 - 3*k + 2. Let n(w) = 10*w - 106. Let j be n(11). What is o(j)?
6
Suppose -z + x + 31 = -6*z, 29 = -4*z - 5*x. Let p(a) = 3*a**2 - 8*a + 6. Let k(y) = 4*y**2 - 9*y + 6. Let n(l) = -4*k(l) + 5*p(l). Determine n(z).
-6
Let f(t) = -t - 45 - 46 + 80. Determine f(-5).
-6
Suppose 0 = -h + 1. Let w(f) be the first derivative of -f**5/120 - 16*f**3/3 - 6. Let u(q) be the third derivative of w(q). Calculate u(h).
-1
Let d(v) be the first derivative of -v**3/6 - v**2/2 - 6*v - 3. Let l(n) be the first derivative of d(n). Determine l(0).
-1
Suppose 2*s - 2*y = -28, 35*y - 33*y = -5*s - 42. Let g(h) be the first derivative of -h**2/2 - 24*h + 5. Give g(s).
-14
Let n(f) = f**2 + 5*f - 3. Let w = -817 + 811. Determine n(w).
3
Let f(q) = 2*q - 1. Let j(z) = -4*z + 10. Let r(o) = 3*f(o) + j(o). Give r(-2).
3
Let t be 21/((-9)/3) + 12. Let g(x) = -x**2 + 3*x - 3*x + 6*x. Calculate g(t).
5
Let i(h) = -5 + 5 - h - 2 + 2*h. Let d be i(8). Let f(k) = -k**3 + 5*k**2 + 9*k - 3. What is f(d)?
15
Let q(r) = 2*r - 4 - r + 3 + 5*r**2. Let c be q(1). Let k(w) = c + 0 + 2*w - 4. Calculate k(-4).
-7
Let b be ((-273)/(-14))/((-3)/(-4)). Let i(d) = -b*d + 58*d - d**2 - 36*d + 1. What is i(-2)?
5
Let v(d) be the second derivative of d**3/3 + d**2/2 + 78*d. Calculate v(1).
3
Let u(h) = -h**3 - h - 1. Suppose -36 = -19*g + 21. What is u(g)?
-31
Suppose -5*u + 208 - 218 = 0. Let n be 5 + 3*4/6. Let z(o) = -o + n*o + 0*o - 3*o + o**2 + 2. What is z(u)?
0
Let c(h) be the first derivative of 2*h**2 - 5*h - 2. Let y(n) = -3*n**2 + 7*n - 8. Let x be y(2). Let d be (-2)/(-6)*-8*x/4. Determine c(d).
11
Suppose 0*q = 4*q + 36. Let y(l) = 12*l + 57. Let d(r) = -11*r - 53. Let i(n) = -11*d(n) - 10*y(n). Give i(q).
4
Let t(j) be the first derivative of 6 - 1/12*j**4 + 0*j**2 + 0*j + 1/30*j**5 + 4/3*j**3. Let n(m) be the third derivative of t(m). Give n(-2).
-10
Let t(s) = 19*s + 23. Let j(r) = -22*r - 24. Let x(k) = 6*j(k) + 7*t(k). Calculate x(-9).
8
Suppose 0 = -176*f + 172*f + 5*x, -2*f = -x. Let s(y) = -y + 19. What is s(f)?
19
Let b(t) = 3 + 14*t - 12*t + 2 - 3. Suppose 0 = 2*j - 6*j + 8. Give b(j).
6
Suppose -88*y = -84*y + 8. Let z(l) = -4*l - 5. What is z(y)?
3
Let g(a) be the first derivative of a**2/2 - 7*a - 8. Let d be 2 + (-14)/10 + 66/15. Give g(d).
-2
Let v(m) = m**3 + 4*m**2 + 1. Let p be (-75)/20 - 27/(-36). What is v(p)?
10
Let s = -336 + 336. Let q(n) = -7*n**2 - 32 - 7*n**2 - 3*n**3 + 3*n - 11*n. Let a(k) = k**3 + 5*k**2 + 3*k + 11. Let l(j) = 11*a(j) + 4*q(j). Determine l(s).
-7
Let x be (-3)/(-3)*(-3)/3. Let i(b) be the second derivative of 8*b - 1/2*b**3 - 1/2*b**2 + 0. Determine i(x).
2
Let o(m) = -4*m**2 - 2*m - 3. Let y be (-8)/(-1)*21/(-56). Calculate o(y).
-33
Let c(y) = 2*y**2 + y. Let o(r) = r**2 - 3*r - 1. Let l be o(7). Suppose -3*p + 4*t = -14, 4*p + 2*t - l = -t. Suppose 4*j + 2 - p = 0. What is c(j)?
3
Let c(t) be the first derivative of -t**6/120 + t**5/10 + 35*t**2/2 + 15. Let m(l) be the second derivative of c(l). Calculate m(6).
0
Let a(t) = -t**3 + 11*t**2 + t - 2. Suppose 51*v = 41*v + 110. What is a(v)?
9
Let i(b) be the third derivative of -b**6/120 - 2*b**5/15 + 11*b**4/24 + b**3 - 166*b**2. Give i(-9).
-12
Let z(d) = -11*d - 7. Let b(y) = 13*y + 8. Let g(s) = 5*b(s) + 6*z(s). Suppose 4*l + l = 0. Calculate g(l).
-2
Let k(u) = -u**2 - 4*u + 8. Let i be k(-5). Let x(s) = s - i + 2*s - 6*s. Suppose 5*f = -8 - 12. What is x(f)?
9
Let w(g) = -g**2 - 8*g + 1 - 4 - 7 - 10. Give w(-5).
-5
Let u = -5 - -2. Let h be (-7 + u)*7/(-14). Let j(f) = -16*f + 6*f - 1 + 4*f + 2*f**2 + h*f. Give j(-1).
2
Let d(j) = j**2 + 2*j - 8. Suppose -5*h = -3*g, 2*h = 5*g - 2*g. Determine d(h).
-8
Suppose -144 = -11*x + 3*x. Suppose -2*k + 3*y = x - 6, -y + 14 = -4*k. Let h(o) = 3*o + 4. Let q(l) = -l - 1. Let t(c) = -h(c) - 4*q(c). What is t(k)?
-3
Let r(w) = -w**3 + 4*w**2 + 9*w. Let m(z) = -z + 1. Let q(x) = -5*m(x) - r(x). Determine q(5).
0
Let n(r) = -r + 8. Let p(z) = z - 8. Let o(d) = 4*n(d) + 3*p(d). Calculate o(10).
-2
Let p(l) = -6*l**2 - 48. Let t(b) = -b**2 - 10. Let q(i) = -2*p(i) + 11*t(i). Let y = -2 - -2. What is q(y)?
-14
Let h(p) = 2*p - 9. Let d = 550 - 545. Calculate h(d).
1
Let i(m) = m + 8. Let v be i(-8). Let z(d) = 0 - 3*d + 2*d - 2 + v*d - d**2. Suppose -k - 4*k = -10. Calculate z(k).
-8
Suppose -3*s - 2*x + 2 + 3 = 0, -10 = s + 3*x. Let v(z) = 5*z - 3. Give 